the hundreds digit of 118?
1
What is the units digit of 1978?
8
What is the tens digit of 2525?
2
What is the hundreds digit of 342?
3
What is the thousands digit of 2529?
2
What is the units digit of 8338?
8
What is the tens digit of 114457?
5
What is the tens digit of 2299?
9
What is the tens digit of 3046?
4
What is the thousands digit of 2853?
2
What is the ten thousands digit of 59305?
5
What is the tens digit of 6852?
5
What is the tens digit of 39317?
1
What is the hundreds digit of 16430?
4
What is the units digit of 937?
7
What is the hundreds digit of 41007?
0
What is the hundreds digit of 8788?
7
What is the tens digit of 920?
2
What is the units digit of 848?
8
What is the units digit of 20960?
0
What is the hundreds digit of 328?
3
What is the ten thousands digit of 31275?
3
What is the thousands digit of 8877?
8
What is the hundreds digit of 1037?
0
What is the hundreds digit of 348?
3
What is the thousands digit of 57929?
7
What is the thousands digit of 1286?
1
What is the units digit of 927?
7
What is the ten thousands digit of 44220?
4
What is the hundreds digit of 783?
7
What is the units digit of 1785?
5
What is the units digit of 99470?
0
What is the units digit of 9194?
4
What is the tens digit of 603?
0
What is the units digit of 35731?
1
What is the units digit of 8237?
7
What is the thousands digit of 6246?
6
What is the ten thousands digit of 54307?
5
What is the units digit of 5170?
0
What is the tens digit of 541?
4
What is the tens digit of 17214?
1
What is the tens digit of 648?
4
What is the hundreds digit of 1115?
1
What is the hundreds digit of 80134?
1
What is the units digit of 1276?
6
What is the units digit of 311?
1
What is the ten thousands digit of 59683?
5
What is the tens digit of 20396?
9
What is the thousands digit of 21764?
1
What is the units digit of 37519?
9
What is the thousands digit of 6853?
6
What is the units digit of 1820?
0
What is the hundreds digit of 3305?
3
What is the tens digit of 1252?
5
What is the units digit of 18397?
7
What is the units digit of 1784?
4
What is the tens digit of 7846?
4
What is the units digit of 6002?
2
What is the thousands digit of 14296?
4
What is the tens digit of 342?
4
What is the thousands digit of 5601?
5
What is the thousands digit of 37206?
7
What is the hundreds digit of 217?
2
What is the ten thousands digit of 29180?
2
What is the tens digit of 348?
4
What is the tens digit of 1993?
9
What is the units digit of 38982?
2
What is the thousands digit of 3863?
3
What is the tens digit of 28011?
1
What is the hundreds digit of 5888?
8
What is the tens digit of 16411?
1
What is the hundreds digit of 5127?
1
What is the ten thousands digit of 15763?
1
What is the ten thousands digit of 11461?
1
What is the thousands digit of 2480?
2
What is the units digit of 3359?
9
What is the thousands digit of 4916?
4
What is the units digit of 38248?
8
What is the tens digit of 15881?
8
What is the hundreds digit of 27866?
8
What is the tens digit of 518?
1
What is the hundred thousands digit of 106238?
1
What is the hundreds digit of 10677?
6
What is the tens digit of 2244?
4
What is the thousands digit of 6851?
6
What is the tens digit of 417?
1
What is the units digit of 1583?
3
What is the tens digit of 1368?
6
What is the tens digit of 83705?
0
What is the units digit of 1546?
6
What is the hundreds digit of 1514?
5
What is the units digit of 8409?
9
What is the units digit of 764?
4
What is the tens digit of 5162?
6
What is the hundreds digit of 806?
8
What is the tens digit of 16955?
5
What is the thousands digit of 160353?
0
What is the units digit of 5185?
5
What is the units digit of 9992?
2
What is the tens digit of 1972?
7
What is the thousands digit of 1779?
1
What is the units digit of 113?
3
What is the thousands digit of 51543?
1
What is the tens digit of 530?
3
What is the tens digit of 6016?
1
What is the units digit of 9293?
3
What is the units digit of 1326?
6
What is the thousands digit of 9330?
9
What is the hundreds digit of 109?
1
What is the tens digit of 69774?
7
What is the thousands digit of 59605?
9
What is the units digit of 6415?
5
What is the tens digit of 752?
5
What is the hundreds digit of 7190?
1
What is the units digit of 41098?
8
What is the units digit of 41710?
0
What is the ten thousands digit of 78070?
7
What is the thousands digit of 4074?
4
What is the tens digit of 313?
1
What is the ten thousands digit of 27883?
2
What is the tens digit of 147443?
4
What is the units digit of 867?
7
What is the thousands digit of 1509?
1
What is the hundreds digit of 2893?
8
What is the thousands digit of 3859?
3
What is the tens digit of 11487?
8
What is the units digit of 3231?
1
What is the units digit of 4213?
3
What is the units digit of 14998?
8
What is the ten thousands digit of 104709?
0
What is the ten thousands digit of 11911?
1
What is the units digit of 28083?
3
What is the units digit of 6318?
8
What is the units digit of 17869?
9
What is the ten thousands digit of 30131?
3
What is the tens digit of 196522?
2
What is the hundreds digit of 1368?
3
What is the units digit of 1681?
1
What is the tens digit of 12722?
2
What is the hundreds digit of 480?
4
What is the units digit of 16243?
3
What is the hundreds digit of 99863?
8
What is the units digit of 3172?
2
What is the tens digit of 1303?
0
What is the hundreds digit of 46128?
1
What is the tens digit of 338?
3
What is the hundreds digit of 8788?
7
What is the thousands digit of 3990?
3
What is the units digit of 2805?
5
What is the units digit of 3831?
1
What is the hundreds digit of 1780?
7
What is the tens digit of 8037?
3
What is the units digit of 600?
0
What is the thousands digit of 29216?
9
What is the thousands digit of 6571?
6
What is the units digit of 12141?
1
What is the tens digit of 72019?
1
What is the ten thousands digit of 34949?
3
What is the tens digit of 2739?
3
What is the units digit of 3422?
2
What is the tens digit of 674?
7
What is the tens digit of 1230?
3
What is the thousands digit of 94207?
4
What is the ten thousands digit of 29853?
2
What is the thousands digit of 1391?
1
What is the tens digit of 36742?
4
What is the thousands digit of 86300?
6
What is the hundreds digit of 1048?
0
What is the hundreds digit of 1943?
9
What is the thousands digit of 8571?
8
What is the ten thousands digit of 28096?
2
What is the ten thousands digit of 55379?
5
What is the thousands digit of 47227?
7
What is the hundreds digit of 8232?
2
What is the tens digit of 62460?
6
What is the thousands digit of 75912?
5
What is the units digit of 4432?
2
What is the thousands digit of 12702?
2
What is the units digit of 346?
6
What is the hundreds digit of 14829?
8
What is the thousands digit of 1680?
1
What is the tens digit of 221?
2
What is the thousands digit of 2986?
2
What is the thousands digit of 41741?
1
What is the hundreds digit of 3083?
0
What is the thousands digit of 1151?
1
What is the hundreds digit of 12000?
0
What is the tens digit of 2087?
8
What is the units digit of 7109?
9
What is the ten thousands digit of 103418?
0
What is the units digit of 34235?
5
What is the tens digit of 17806?
0
What is the units digit of 7316?
6
What is the units digit of 4979?
9
What is the units digit of 745?
5
What is the units digit of 1447?
7
What is the hundreds digit of 2573?
5
What is the hundred thousands digit of 120133?
1
What is the hundreds digit of 35576?
5
What is the units digit of 504?
4
What is the thousands digit of 95063?
5
What is the thousands digit of 6661?
6
What is the hundreds digit of 232?
2
What is the hundreds digit of 11129?
1
What is the thousands digit of 12509?
2
What is the thousands digit of 20838?
0
What is the hundreds digit of 1264?
2
What is the units digit of 41970?
0
What is the units digit of 15490?
0
What is the units digit of 1510?
0
What is the tens digit of 2253?
5
What is the hundreds digit of 5431?
4
What is the hundreds digit of 59123?
1
What is the tens digit of 103?
0
What is the thousands digit of 1180?
1
What is the ten thousands digit of 21829?
2
What is the units digit of 591?
1
What is the units digit of 66505?
5
What is the tens digit of 13721?
2
What is the units digit of 5688?
8
What is the units digit of 33